1224?
1305
In base 5, what is 1104 - -101?
1210
In base 5, what is -13 + 14?
1
In base 8, what is 2715 - 3?
2712
In base 3, what is -122010 + -10?
-122020
In base 13, what is c68 + -4?
c64
In base 12, what is -4 - -134?
130
In base 4, what is -11 + -1210233?
-1210310
In base 6, what is 21 + 1?
22
In base 5, what is 2212344 + -10?
2212334
In base 14, what is -4 - -65a?
656
In base 16, what is -cb + -2?
-cd
In base 9, what is 40 + 2?
42
In base 15, what is 234 + 0?
234
In base 10, what is 13107 + 5?
13112
In base 9, what is 1 + 1627?
1628
In base 8, what is 5 - -5?
12
In base 13, what is -16 - -4?
-12
In base 6, what is -1 - 50?
-51
In base 12, what is 3 - 13b?
-138
In base 2, what is 110 - -100001111?
100010101
In base 9, what is -2134 - -3?
-2131
In base 16, what is -3 - -124b?
1248
In base 14, what is 396 + 4?
39a
In base 16, what is 0 - -baa?
baa
In base 3, what is 10 - 221120?
-221110
In base 5, what is 232 - 410?
-123
In base 14, what is -229 + 16?
-213
In base 14, what is 730 + -4?
72a
In base 11, what is -13 - -54?
41
In base 11, what is -72a + -2?
-731
In base 3, what is 1012022 + -11?
1012011
In base 10, what is 2 + -47?
-45
In base 4, what is -1 + -203120?
-203121
In base 11, what is -2 + 42?
40
In base 8, what is 5 - -1441?
1446
In base 7, what is -135 + 46?
-56
In base 13, what is -1a + -15?
-32
In base 16, what is 29 + -a?
1f
In base 16, what is 25 - -2?
27
In base 14, what is -b - a?
-17
In base 9, what is -1253 + 5?
-1247
In base 13, what is -23 + -39?
-5c
In base 10, what is 16 - 202?
-186
In base 14, what is 4 + -1a82?
-1a7c
In base 13, what is 1 - -a9?
aa
In base 6, what is -1 + 153?
152
In base 16, what is -17c + 1?
-17b
In base 11, what is -5a44 - -2?
-5a42
In base 2, what is -10101 + -110?
-11011
In base 8, what is -6 - 20?
-26
In base 11, what is -8 - 246?
-253
In base 4, what is -2303 + 10?
-2233
In base 6, what is 4010 + 12?
4022
In base 6, what is -23 + 3?
-20
In base 16, what is -34 - -1f?
-15
In base 10, what is -2 - 67?
-69
In base 8, what is 15152 + -3?
15147
In base 10, what is 30 - 12?
18
In base 9, what is -2 + -410?
-412
In base 14, what is 3 - 101?
-dc
In base 9, what is 0 - -5310?
5310
In base 10, what is 129 - 4?
125
In base 3, what is -12212 + 1112?
-11100
In base 7, what is 241 + -2?
236
In base 3, what is -100200 - -12?
-100111
In base 9, what is 53 + 5?
58
In base 5, what is -4 + 320?
311
In base 3, what is 2000 + -112101?
-110101
In base 2, what is -100 - -1101010?
1100110
In base 2, what is -100 - 110111001001?
-110111001101
In base 7, what is -4 - -65?
61
In base 11, what is -2 - -a4?
a2
In base 9, what is -740 + -44?
-784
In base 4, what is -3102 + -31?
-3133
In base 5, what is 10 - 34043?
-34033
In base 8, what is -3 + 355?
352
In base 8, what is -7673 + 0?
-7673
In base 14, what is 2 - 1cb0?
-1cac
In base 13, what is -5 - -6?
1
In base 12, what is -180b + 1?
-180a
In base 2, what is -10100001 + -1110?
-10101111
In base 7, what is 1 - 2055?
-2054
In base 14, what is -103 + -7?
-10a
In base 4, what is 102 + -1330?
-1222
In base 14, what is -2 + -14?
-16
In base 10, what is -22 + -19?
-41
In base 15, what is -3 + 17?
14
In base 5, what is -30 - 2?
-32
In base 11, what is 2 - -197?
199
In base 15, what is 97 - -4?
9b
In base 7, what is -25 - -63?
35
In base 11, what is 1632 + 1?
1633
In base 3, what is 110 + -1221?
-1111
In base 10, what is -127 - -1?
-126
In base 14, what is -1 + -46?
-47
In base 16, what is -2b6 + -1?
-2b7
In base 4, what is -21110 - 10?
-21120
In base 10, what is -5 + 535?
530
In base 12, what is 305 + -2?
303
In base 3, what is -2211 + 2?
-2202
In base 8, what is 12 + 23?
35
In base 16, what is -3 - -31?
2e
In base 16, what is 3 + 201?
204
In base 15, what is e + -99?
-8a
In base 2, what is -1010 + 1110?
100
In base 9, what is -15 - 1160?
-1175
In base 9, what is -5 + 322?
316
In base 8, what is -23 + -27?
-52
In base 8, what is -3 + 47?
44
In base 3, what is 0 + -10021?
-10021
In base 6, what is -3 + -1005?
-1012
In base 11, what is -4 - a2?
-a6
In base 11, what is -8 + -1479?
-1486
In base 13, what is -1 + -7?
-8
In base 7, what is -32 + -21?
-53
In base 14, what is 32 - 23?
d
In base 2, what is -100000 - 101001110?
-101101110
In base 9, what is -12 + 13?
1
In base 15, what is -390 - 8?
-398
In base 16, what is 24 + -7?
1d
In base 10, what is 63 - 5?
58
In base 10, what is -98 + 4?
-94
In base 13, what is 41 - -3?
44
In base 8, what is 6230 + -3?
6225
In base 13, what is -121 + -4?
-125
In base 8, what is 3764 - 3?
3761
In base 11, what is 3 - 73?
-70
In base 6, what is -5 + -11520?
-11525
In base 12, what is -3 + -5?
-8
In base 3, what is 21012 - -2?
21021
In base 12, what is 736 - 0?
736
In base 13, what is -5 - -1c2?
1ba
In base 2, what is -100101 + 100100?
-1
In base 5, what is 4 + 44014?
44023
In base 15, what is 7ba + 3?
7bd
In base 14, what is c0a + 0?
c0a
In base 5, what is 112 + -101?
11
In base 11, what is -56 + 16a?
114
In base 5, what is 2 + -431?
-424
In base 11, what is 7a6 + -2?
7a4
In base 14, what is 1 - -570?
571
In base 14, what is 1d7 - -8?
201
In base 12, what is 1 + 35?
36
In base 9, what is 0 + 133?
133
In base 4, what is 3 - 1010?
-1001
In base 14, what is a71b + 4?
a721
In base 12, what is -50 + 33?
-19
In base 7, what is -3233 - -1?
-3232
In base 16, what is 8e9 + -4?
8e5
In base 12, what is -3 - 49a2?
-49a5
In base 15, what is -a + dd?
d3
In base 9, what is 306 + -4?
302
In base 13, what is -1 + 1074?
1073
In base 5, what is 21343 - -1?
21344
In base 15, what is 1b - -1?
1c
In base 14, what is 1 - 1693?
-1692
In base 2, what is -1010 + -110011010?
-110100100
In base 9, what is -523 - 4?
-527
In base 6, what is 145 + 1?
150
In base 4, what is -11 - 212?
-223
In base 11, what is -3 + 52?
4a
In base 3, what is 0 + 1?
1
In base 15, what is -20 - -15?
-a
In base 11, what is 0 + -130?
-130
In base 5, what is 2 - -33?
40
In base 3, what is 222 - 2112?
-1120
In base 4, what is 1 + -3210?
-3203
In base 4, what is 3 - -1031?
1100
In base 3, what is -2222 + -11?
-10010
In base 11, what is 34 + -14?
20
In base 2, what is 11 + -1010110100?
-1010110001
In base 9, what is -171 + -11?
-182
In base 2, what is 11 - -1011101011?
1011101110
In base 12, what is -16b + 9?
-162
In base 16, what is -1f + -81?
-a0
In base 3, what is -222 - -20?
-202
In base 6, what is 4 + 411?
415
In base 16, what is b1 - -1?
b2
In base 16, what is 12 + -f?
3
In base 10, what is 40 - 22?
18
In base 16, what is -36d + -4?
-371
In base 15, what is -4 + -47?
-4b
In base 12, what is -9a1 + -2?
-9a3
In base 2, what is 11110 + 10100010?
11000000
In base 11, what is -1339 - 3?
-1341
In base 9, what is -4 - -20?
15
In base 4, what is 131 + -20?
111
In base 5, what is -322 + 14?
-303
In base 2, what is 1 - 1010?
-1001
In base 6, what is -10 + 354?
344
In base 16, what is 6 + 25f?
265
In base 16, what is 0 + 14b?
14b
In base 7, what is 15545 + -3?
15542
In base 16, what is -1 - -47c?
47b
In base 11, what is -1 - -108?
107
In base 12, what is -6 - 82?
-88
In base 15, what is -7 - 7?
-e
In base 7, what is 55 - 4?
51
In base 4, what is -33 - 20?
-113
In base 12, what is 5 + -4707?
-4702
In base 16, what is -202 + 1?
-201
In base 6, what is 424 - 1?
423
In base 6, what is -15 + -10?
-25
In base 14, what is 8 + 46?
50
In base 7, what is 5 - 21314?
-21306
In base 9, what is 14 + -14?
0
In base 3, what is -100121 - -10?
-100111
In base 6, what is 15 - -2151?
2210
In base 3, what is -210021 - 1?
-210022
In base 9, what is -23 - 6?
-30
In base 4, what is -3 + 12202?
12133
In base 2, what is -10011 - -10101001?
10010110
In base 4, what is -12 + 20?
2
In base 11, what is -29 - -1?
-28
In base 4, what is 1 - -133?
200
In base 6, what is -42021 + 3?
-42014
In base 15, what is 1 - a?
-9
In base 4, what is 10 + 1101?
1111
In base 9, what is -13 - -14?
1
In base 15, what is -5 + 550?
54a
In base 13, what is 113 - 1?
112
In base 10, what is 5 - -31?
36
In base 9, what is -1480 - 5?
-1485
In base 13, what is 2 + 1c?
21
In base 8, what is 1067 + -5?
1062
In base 16, what is -124 - -3?
-121
In base 16, what is 1 + -c7d?
-c7c
In base 2, what is -11 - 1101001?
-1101100
In base 13, what is 4 - -239a?
23a1
In base 10, what is -1 - -24?
23
In base 16, what is -33 - 4?
-37
In base 6, what is -20 + -441?
-501
In base 12, what 